d by 112?
97
Calculate the remainder when 317 is divided by 14.
9
What is the remainder when 706 is divided by 141?
1
Calculate the remainder when 530 is divided by 236.
58
What is the remainder when 141 is divided by 15?
6
Calculate the remainder when 431 is divided by 26.
15
What is the remainder when 275 is divided by 57?
47
What is the remainder when 117 is divided by 24?
21
What is the remainder when 90 is divided by 20?
10
What is the remainder when 2338 is divided by 39?
37
Calculate the remainder when 665 is divided by 25.
15
Calculate the remainder when 706 is divided by 29.
10
Calculate the remainder when 48 is divided by 10.
8
Calculate the remainder when 19109 is divided by 10.
9
Calculate the remainder when 1052 is divided by 39.
38
Calculate the remainder when 1847 is divided by 8.
7
Calculate the remainder when 129 is divided by 13.
12
Calculate the remainder when 5044 is divided by 87.
85
What is the remainder when 2904 is divided by 51?
48
Calculate the remainder when 215 is divided by 71.
2
Calculate the remainder when 273 is divided by 68.
1
What is the remainder when 377 is divided by 18?
17
What is the remainder when 223 is divided by 8?
7
Calculate the remainder when 8242 is divided by 8235.
7
Calculate the remainder when 1545 is divided by 31.
26
What is the remainder when 4450 is divided by 171?
4
What is the remainder when 8927 is divided by 12?
11
What is the remainder when 158 is divided by 52?
2
Calculate the remainder when 193 is divided by 53.
34
Calculate the remainder when 32 is divided by 29.
3
What is the remainder when 158 is divided by 7?
4
Calculate the remainder when 2218 is divided by 146.
28
Calculate the remainder when 213 is divided by 75.
63
What is the remainder when 2897 is divided by 31?
14
Calculate the remainder when 12126 is divided by 13.
10
Calculate the remainder when 291 is divided by 30.
21
Calculate the remainder when 66 is divided by 17.
15
Calculate the remainder when 4344 is divided by 23.
20
Calculate the remainder when 16 is divided by 3.
1
Calculate the remainder when 135 is divided by 17.
16
Calculate the remainder when 1061 is divided by 208.
21
What is the remainder when 1289 is divided by 68?
65
Calculate the remainder when 1173 is divided by 98.
95
What is the remainder when 637 is divided by 107?
102
What is the remainder when 1182 is divided by 169?
168
Calculate the remainder when 4685 is divided by 34.
27
What is the remainder when 240 is divided by 9?
6
Calculate the remainder when 368 is divided by 43.
24
What is the remainder when 629 is divided by 45?
44
What is the remainder when 138 is divided by 7?
5
What is the remainder when 160 is divided by 41?
37
Calculate the remainder when 3461 is divided by 105.
101
Calculate the remainder when 225 is divided by 70.
15
What is the remainder when 1505 is divided by 58?
55
Calculate the remainder when 110 is divided by 32.
14
Calculate the remainder when 4332 is divided by 17.
14
Calculate the remainder when 4444 is divided by 35.
34
What is the remainder when 811 is divided by 74?
71
Calculate the remainder when 189 is divided by 19.
18
Calculate the remainder when 5306 is divided by 27.
14
Calculate the remainder when 1078 is divided by 27.
25
What is the remainder when 129 is divided by 16?
1
What is the remainder when 142 is divided by 41?
19
What is the remainder when 312 is divided by 105?
102
Calculate the remainder when 1078 is divided by 285.
223
What is the remainder when 1083 is divided by 218?
211
What is the remainder when 192 is divided by 101?
91
Calculate the remainder when 5 is divided by 2.
1
What is the remainder when 328 is divided by 22?
20
Calculate the remainder when 600 is divided by 136.
56
Calculate the remainder when 1699 is divided by 63.
61
What is the remainder when 157 is divided by 10?
7
Calculate the remainder when 588 is divided by 287.
14
Calculate the remainder when 1190 is divided by 21.
14
Calculate the remainder when 315 is divided by 11.
7
Calculate the remainder when 2461 is divided by 112.
109
Calculate the remainder when 199 is divided by 43.
27
What is the remainder when 717 is divided by 91?
80
Calculate the remainder when 1042 is divided by 11.
8
Calculate the remainder when 230 is divided by 58.
56
Calculate the remainder when 46 is divided by 33.
13
Calculate the remainder when 2245 is divided by 8.
5
Calculate the remainder when 214 is divided by 58.
40
What is the remainder when 1491 is divided by 299?
295
What is the remainder when 1631 is divided by 538?
17
Calculate the remainder when 606 is divided by 123.
114
Calculate the remainder when 145 is divided by 66.
13
What is the remainder when 2583 is divided by 856?
15
Calculate the remainder when 1176 is divided by 196.
0
What is the remainder when 12629 is divided by 19?
13
Calculate the remainder when 1275 is divided by 13.
1
What is the remainder when 1698 is divided by 23?
19
What is the remainder when 620 is divided by 301?
18
What is the remainder when 1117 is divided by 545?
27
Calculate the remainder when 2827 is divided by 41.
39
Calculate the remainder when 452 is divided by 27.
20
Calculate the remainder when 972 is divided by 305.
57
What is the remainder when 907 is divided by 53?
6
Calculate the remainder when 41 is divided by 9.
5
What is the remainder when 703 is divided by 89?
80
Calculate the remainder when 160 is divided by 41.
37
Calculate the remainder when 620 is divided by 16.
12
Calculate the remainder when 656 is divided by 168.
152
What is the remainder when 503 is divided by 39?
35
What is the remainder when 193 is divided by 13?
11
What is the remainder when 7338 is divided by 814?
12
Calculate the remainder when 3899 is divided by 1946.
7
What is the remainder when 117 is divided by 36?
9
What is the remainder when 460 is divided by 45?
10
Calculate the remainder when 343 is divided by 314.
29
Calculate the remainder when 1985 is divided by 285.
275
Calculate the remainder when 167 is divided by 84.
83
What is the remainder when 1201 is divided by 398?
7
Calculate the remainder when 1398 is divided by 7.
5
What is the remainder when 178 is divided by 46?
40
Calculate the remainder when 1330 is divided by 11.
10
Calculate the remainder when 51 is divided by 36.
15
What is the remainder when 136 is divided by 20?
16
What is the remainder when 408 is divided by 41?
39
What is the remainder when 1024 is divided by 252?
16
What is the remainder when 336 is divided by 26?
24
Calculate the remainder when 68 is divided by 45.
23
Calculate the remainder when 256 is divided by 66.
58
What is the remainder when 1439 is divided by 32?
31
What is the remainder when 954 is divided by 11?
8
What is the remainder when 530 is divided by 28?
26
Calculate the remainder when 291 is divided by 19.
6
What is the remainder when 719 is divided by 45?
44
Calculate the remainder when 1391 is divided by 34.
31
Calculate the remainder when 49 is divided by 31.
18
What is the remainder when 883 is divided by 5?
3
Calculate the remainder when 233 is divided by 55.
13
Calculate the remainder when 168 is divided by 43.
39
What is the remainder when 1038 is divided by 52?
50
Calculate the remainder when 15606 is divided by 28.
10
Calculate the remainder when 1066 is divided by 62.
12
Calculate the remainder when 166 is divided by 65.
36
What is the remainder when 26 is divided by 13?
0
Calculate the remainder when 17 is divided by 1.
0
What is the remainder when 178 is divided by 52?
22
What is the remainder when 11647 is divided by 11?
9
Calculate the remainder when 74 is divided by 20.
14
Calculate the remainder when 259 is divided by 10.
9
What is the remainder when 118 is divided by 41?
36
What is the remainder when 3228 is divided by 61?
56
Calculate the remainder when 293 is divided by 220.
73
What is the remainder when 24224 is divided by 95?
94
Calculate the remainder when 85 is divided by 22.
19
Calculate the remainder when 398 is divided by 106.
80
What is the remainder when 182 is divided by 180?
2
What is the remainder when 623 is divided by 25?
23
Calculate the remainder when 233 is divided by 47.
45
Calculate the remainder when 9043 is divided by 238.
237
What is the remainder when 145 is divided by 25?
20
Calcul